
Let g(z) = -z**2 + 51*z + 100. Give g(53).
-6
Let x(g) = -76*g - 2235. Calculate x(-33).
273
Let z(w) = w**3 + 36*w**2 + 289*w - 228. Calculate z(-23).
2
Let c(p) = p**2 + 48*p + 201. What is c(-45)?
66
Let u(c) = 6*c**2 - 221*c - 37. Determine u(37).
0
Let t(b) = -b**3 + 15*b**2 + 55*b - 4. Determine t(18).
14
Let m(s) = -143*s - 1717. Calculate m(-12).
-1
Let d(l) = -9*l - 117. Calculate d(-14).
9
Let m(c) = 131*c**2 - 12836*c - 209. Give m(98).
-13
Let y(g) = -g**2 + 76*g + 281. Determine y(79).
44
Let o(d) = -63*d - 24755. Determine o(-393).
4
Let n(w) = w**2 + 65*w - 816. Calculate n(11).
20
Let d(m) = 456*m**2 - 3. Give d(-1).
453
Let g(z) = z**3 - 29*z**2 + 24. Calculate g(29).
24
Let d(w) = 3*w + 48. Give d(41).
171
Let v(q) = -104*q - 1045. What is v(-10)?
-5
Let h(j) = j**3 + 16*j**2 + 66*j + 69. Give h(-10).
9
Let i(g) = -3*g**2 - g - 3. Give i(-3).
-27
Let o(u) = -u**2 + 662*u - 4577. Give o(7).
8
Let x(o) = -45*o**2 + 339*o + 155. Determine x(8).
-13
Let c(m) = -m**2 - 43*m + 1180. Give c(19).
2
Let c(n) = -n**3 - n**2 + 130*n + 184. Determine c(-11).
-36
Let b(i) = -i**2 - 34*i - 285. What is b(-17)?
4
Let b(l) = -542*l - 5405. Determine b(-10).
15
Let j(f) = -f**3 - 103*f**2 - 2055*f - 87. Give j(-27).
-6
Let k(b) = 52*b + 198. Give k(-4).
-10
Let p(q) = q**3 + 29*q**2 + 25*q - 98. Calculate p(-28).
-14
Let d(x) = x**3 - 17*x**2 + 162*x - 2754. Determine d(17).
0
Let h(t) = 2*t**3 - 43*t**2 + 41*t - 37. Determine h(20).
-417
Let j(i) = -533*i + 1023. Give j(2).
-43
Let b(q) = -q**2 + 6*q + 25. Give b(-4).
-15
Let q(b) = -b**3 - 23*b**2 + 27*b + 84. Calculate q(-24).
12
Let w(s) = 43*s - 720. Determine w(17).
11
Let w(n) = -n**3 + 34*n**2 - 163*n + 64. Give w(6).
94
Let a(p) = -2*p**3 - 5*p**2 - 113*p - 224. Calculate a(-2).
-2
Let h(f) = 2*f**2 - 64*f - 116. Give h(33).
-50
Let a(w) = 44*w - 1269. What is a(26)?
-125
Let h(g) = -607*g - 1212. Give h(-2).
2
Let k(u) = 38*u - 59. Determine k(-1).
-97
Let m(q) = -2*q**3 - 17*q**2 + 5*q - 159. Determine m(-9).
-123
Let o(k) = -28*k**3 - 672*k**2 + 3*k + 53. Give o(-24).
-19
Let c(t) = 7*t - 171. Determine c(21).
-24
Let f(j) = -j**3 + 35*j**2 - 299*j + 7. What is f(13)?
-162
Let y(h) = -11*h**2 + 536*h + 86. Give y(49).
-61
Let j(h) = -234*h + 13803. What is j(59)?
-3
Let k(b) = 259*b - 6158. What is k(24)?
58
Let x(q) = -q**3 - 35*q**2 + 40*q + 134. Determine x(-36).
-10
Let s(x) = x**3 - 12*x**2 - 140*x + 1578. What is s(10)?
-22
Let u(h) = h**3 + 8*h**2 + 37*h + 156. Give u(-6).
6
Let t(g) = 56*g**3 + 3*g**2 + g. Give t(-1).
-54
Let z(s) = s**3 - 49*s**2 - 97*s - 287. What is z(51)?
-32
Let i(r) = 147*r + 12775. Give i(-87).
-14
Let z(k) = -k**2 + 88. Give z(-10).
-12
Let w(v) = -504*v + 6. What is w(1)?
-498
Let t(o) = 2*o**3 - 172*o**2 - 3503*o - 33. What is t(-17)?
-16
Let m(q) = q**3 + 28*q**2 + 54*q + 15. Determine m(-26).
-37
Let r(y) = 465*y + 18603. What is r(-40)?
3
Let b(n) = n**3 + 12*n**2 - 865*n - 39. Determine b(-36).
-3
Let j(z) = z**2 + 100*z - 298. Determine j(3).
11
Let l(c) = -c**3 + 16*c**2 + 33*c - 654. Determine l(15).
66
Let o(n) = -2*n**3 - 27*n**2 - 20*n - 4. What is o(-12)?
-196
Let m(w) = -w**2 - 526*w + 2667. Determine m(5).
12
Let o(v) = -105*v + 2717. Determine o(26).
-13
Let r(k) = -29*k + 12. Determine r(-6).
186
Let i(k) = 78*k - 687. Calculate i(9).
15
Let a(b) = -18*b + 254. Give a(13).
20
Let u(t) = 2*t**3 + 25*t**2 - 36*t - 572. Give u(-12).
4
Let y(j) = -109*j**3 - 1200*j**2 - 8*j + 64. Determine y(-11).
31
Let l(z) = z**2 + 8*z + 48. Determine l(-13).
113
Let l(r) = -r**3 - 18*r**2 + 73*r + 1026. Determine l(-19).
0
Let j(q) = q**3 + 10*q**2 - 91*q - 697. What is j(-6)?
-7
Let g(h) = -38*h**3 - h**2 + 13*h - 13. Give g(1).
-39
Let k(d) = -d**3 + 12*d**2 + 197*d - 6. Determine k(-9).
-78
Let l(t) = -t**3 + 18*t**2 + 89*t + 133. Determine l(23).
-465
Let j(s) = -39*s - 1435. Determine j(-37).
8
Let o(j) = -388*j + 2989. Calculate o(8).
-115
Let n(q) = 190*q - 957. Determine n(5).
-7
Let p(z) = -z**3 - 21*z**2 - 21*z - 458. Calculate p(-21).
-17
Let u(j) = 75*j - 210. What is u(4)?
90
Let v(c) = c**3 + 39*c**2 - 49*c + 185. Determine v(-40).
545
Let n(w) = w**3 + 44*w**2 - 45*w + 54. Give n(-45).
54
Let t(a) = 4*a**2 - 32*a + 54. Determine t(2).
6
Let s(x) = -957*x - 5746. Determine s(-6).
-4
Let q(m) = -16*m**2 - 147*m - 37. Determine q(-9).
-10
Let q(h) = 150*h - 2270. What is q(15)?
-20
Let d(o) = -o + 229. What is d(-8)?
237
Let k(j) = 2*j**2 + 32*j + 18. Give k(-13).
-60
Let z(u) = -15*u**2 - 149*u + 14. Determine z(-12).
-358
Let r(h) = 567*h + 8513. Give r(-15).
8
Let q(k) = -k**3 + 55*k**2 + 596*k + 179. Give q(-9).
-1
Let r(j) = -78*j - 154. Calculate r(-2).
2
Let j(u) = -13*u + 283. Give j(18).
49
Let m(u) = 898*u + 6288. Determine m(-7).
2
Let k(m) = 7*m**3 + 1030*m**2 - 1939*m - 294. Calculate k(-149).
4
Let l(a) = -2*a - 31. What is l(20)?
-71
Let j(n) = 16*n**2 - 184*n - 89. Determine j(12).
7
Let f(p) = -60*p - 3177. What is f(-52)?
-57
Let h(u) = u**3 + 44*u**2 - 411*u + 252. Calculate h(-52).
-8
Let u(d) = -300*d + 5399. Give u(18).
-1
Let o(l) = -8*l + 452. Determine o(57).
-4
Let j(c) = 2*c**2 - 588*c - 1759. Calculate j(-3).
23
Let x(t) = -49*t**3 + 11*t**2 - t - 5. Calculate x(-2).
433
Let n(v) = v**3 - 23*v**2 - 7*v - 429. Determine n(24).
-21
Let t(q) = 167*q - 1007. What is t(7)?
162
Let d(j) = j**3 + 43*j**2 - 193*j - 253. Calculate d(-47).
-18
Let n(r) = r**3 - 11*r**2 - 16*r + 5. Give n(-4).
-171
Let h(k) = -9*k**3 - 638*k**2 + 69*k - 156. Give h(-71).
-14
Let z(m) = m**2 - 18*m - 71. What is z(-4)?
17
Let p(c) = 11*c**2 + 15*c + 23. Determine p(-2).
37
Let t(x) = x**3 - 52*x**2 - 82*x - 1401. Give t(54).
3
Let h(w) = 77*w - 3295. What is h(43)?
16
Let n(s) = 79*s + 1116. Determine n(-14).
10
Let y(z) = -31*z + 812. What is y(26)?
6
Let t(a) = -9*a**2 + 34*a + 90. Determine t(-3).
-93
Let u(r) = -5*r**2 + 2*r + 47. Determine u(9).
-340
Let b(r) = -41*r - 637. Give b(-16).
19
Let b(o) = 2*o**2 - 69*o + 314. What is b(29)?
-5
Let t(f) = -f**3 - 238*f**2 - 171*f + 15604. Determine t(-237).
-38
Let u(c) = 161*c + 6909. Calculate u(-43).
-14
Let w(h) = 428*h - 1727. Calculate w(4).
-15
Let m(w) = 2*w**2 - 16*w + 57. Determine m(8).
57
Let d(j) = -j**2 + 33*j + 403. Calculate d(-10).
-27
Let p(z) = z**2 - 226*z + 1776. Calculate p(8).
32
Let l(s) = -3*s**2 - 84*s - 339. Give l(-20).
141
Let k(h) = -24*h + 527. Give k(23).
-25
Let c(o) = 6*o**2 + 50*o + 122. Determine c(-8).
106
Let v(o) = -2*o**3 + 11*o**2 - 6*o + 24. What is v(5)?
19
Let f(t) = t**3 + 30*t**2 - t + 80. Give f(-30).
110
Let s(u) = -11*u**3 - 382*u**2 + 110*u + 109. Determine s(-35).
-66
Let w(p) = -625*p - 31201. Give w(-50).
49
Let f(q) = -3*q**2 - 48*q - 14. Determine f(-10).
166
Let t(g) = 2*g**2 + 17*g - 784. Give t(15).
-79
Let y(q) = 281*q - 9276. Calculate y(33).
-3
Let f(s) = -s**3 - 92*s**2 - 54*s + 3244. What is f(-91)?
-123
Let z(q) = -1403*q + 12625. What is z(9)?
-2
Let p(n) = n**3 - 15*n**2 + 21*n - 2. What is p(5)?
-147
Let r(h) = -31*h - 1151. Give r(-32).
-159
Let m(n) = n**3 - 380*n**2 - 420*n + 14880. Determine m(381).
21
Let r(j) = -196*j - 12145. What is r(-62)?
7
Let u(n) = 28*n**2 - 674*n + 3805. Determine u(9).
7
Let i(v) = 2*v**2 - 19*v + 43. Give i(5).
-2
Let n(l) = -2*l**3 + 11*l**2 - 6*l + 6. What is n(5)?
1
Let y(c) = 2*c**3 - 5*c**2 + 2*c - 30. Calculate y(4).
26
Let b(v) = -7*v**2 + 935*v + 481. Give b(134).
79
Let z(g) = -1262*g + 22726. What is z(18)?
10
Let w(q) = q**3 + 4*q**2 - 25*q + 64. Give w(-8).
8
Let o(v) = -2*v + 54. Determine o(-7).
68
Let a(k) = 2*k**2 - 59*k + 192. What is a(26)?
10
Let r(u) = 2*u**3 - 36*u**2 - 7*u + 27. Calculate r(18).
-99
Let o(u) = -u**3 + 132*u**2 - 106*u - 3272. Calculate o(131).
3
Let i(b) = 3*b**2 - 596*b - 8481. Determine i(212).
-1
Let i(x) = 10*x**2 - 131*x - 128. Determine i(-1).
13
Let y(c) = 2*c**2 - 68*c - 772. Give y(-9).
2
Let j(o) = -26*o - 232. Give j(-7).
-50
Let a(q) = -29*q**2 + 160*q - 83. Calculate a(5).
-8
Let v(t) = 43*t - 940. What is v(20)?
-80
Let w(c) = -c**3 - 109*c**2 - 2043*c - 27. Calculate w(-24).
45
Let p(c) = -c**3 - 7*c**2 - 263*c + 8. Calculate p(0).
8
Let z(m) = m**3 - 13*m**2 + 27*m - 99. Determine z(12).
81
Let t(j) = -2*j**3 - 44*j**2 - 32*j - 44